)?
2
Suppose -4*z = 5*k - 10, -10 - 12 = -2*k + 2*z. Let m be (-9)/1 + -1 + 2. Let x = -5 - m. What is the remainder when k is divided by x?
0
Suppose c + 36 = 4*y, 2*y - 130 = -3*c + 7*c. Let h(d) = 14*d**3 + d**2. Calculate the remainder when (-2 + 3)*(-4 - c) is divided by h(1).
13
Suppose p + o = 25, -5*o = 2*p + 2 - 61. Let r = 7 + -6. Calculate the remainder when p is divided by (r - -29)*8/20.
10
Suppose 2*w - 36 = -2. Calculate the remainder when 50 is divided by w.
16
Let v = -18 - -25. Calculate the remainder when 20 is divided by v.
6
Suppose -1 - 3 = -4*l. Calculate the remainder when 30 is divided by 3*l - (10 - 15).
6
Suppose -3*m + g + 27 = 6*g, -2*m - g + 11 = 0. Suppose m*o = 15 + 25. Suppose -3*s = -8*s + 90. What is the remainder when s is divided by o?
8
Let d = -95 - -140. What is the remainder when d is divided by 10?
5
Let p = 5 + -3. Suppose -2*j + 16 = p*l, -5*l + 3 + 35 = 4*j. What is the remainder when 16 is divided by l?
4
Suppose -3*x + 97 = -272. Calculate the remainder when x is divided by 31.
30
Let a(q) = -2*q - 6. What is the remainder when a(-5) is divided by 3 + (-3)/(-6) - (-9)/(-18)?
1
Let v(z) = -z**2 - 11*z - 8. Let b be v(-10). Let f = b - -10. Let h = 10 - 3. What is the remainder when f is divided by h?
5
Let h(a) = -a**3 + 10*a**2 + 12*a + 3. Calculate the remainder when 81 is divided by h(11).
11
Let w = -139 - -220. What is the remainder when w is divided by ((-25)/(-50))/((-2)/(-56))?
11
Let j = -1 - -3. Suppose 0*m = 5*m. Suppose 5*p = m, 7 = 2*x + 3*p - 5. What is the remainder when x is divided by j?
0
Suppose 3*t - 2*a - a + 54 = 0, 96 = -5*t + 2*a. Let v = -7 - t. Calculate the remainder when v is divided by 5.
3
Calculate the remainder when 89 is divided by 4 - (210/3)/(-5).
17
Let y = 43 - 27. What is the remainder when 63 is divided by y?
15
Suppose -22 = 2*r - 74. Suppose -18 = s - 3*s. Calculate the remainder when r is divided by s.
8
Let j = 7 - 1. What is the remainder when 22 is divided by j?
4
Suppose 0*k - k = 5*z + 102, 96 = -5*z + 2*k. Let y(o) = -o**3 - 1. Let c be y(1). Let q = c - z. What is the remainder when 35 is divided by q?
17
Let v be (-2)/3 - 8/(-3). Let l(z) = 3*z - 2. Let u be l(v). Suppose -4*m = -u*i + 24, m = 6*i - 3*i - 10. What is the remainder when 4 is divided by i?
0
Let s(y) = -32*y + 2. Let u be s(-3). Suppose -u = 3*a - a. What is the remainder when a/((-3)/3 - 0) is divided by 17?
15
Suppose 0*i - 4*i + 28 = 0. Suppose 2*o - 12 = o. Calculate the remainder when o is divided by i.
5
Let l(u) = -u**2 + 4*u + 1. What is the remainder when 10 is divided by l(2)?
0
Let t be -2 - ((-10 - 1) + 3). Calculate the remainder when ((-38)/t)/((-6)/18) is divided by 7.
5
Let w be (-7)/4 + 5/(-20). Let v be w - (-2 + -2 - -2). Calculate the remainder when -1*(-1 - 27 - v) is divided by 10.
8
Let h = 247 + -154. Calculate the remainder when h is divided by 32.
29
Let y(g) = 4*g**2 - 2*g + 1. Suppose 0 = 4*h + r, 0 = -5*h + 3*r + 19 - 2. Let b(z) = 2*z + 14. Calculate the remainder when y(h) is divided by b(-6).
1
Suppose t - 6*h = -h + 103, -t + h + 111 = 0. Calculate the remainder when t is divided by 39.
35
Let n = -11 - -5. Let u = 6 + n. Suppose 5*a + 18 - 93 = u. What is the remainder when a is divided by 8?
7
Suppose 17*o - 22*o = -180. What is the remainder when 6 is divided by 1*8 - o/9?
2
Suppose u + 3*v = 19, -2 = u - v - 5. What is the remainder when 25 is divided by u?
4
Suppose -5*y + 57 = -88. Let c = 5 + 10. Calculate the remainder when y is divided by c.
14
Let j be (-6)/21 - 2/(-7). Let z be ((-3)/(-6)*4)/1. Let n = z + j. What is the remainder when 5 is divided by n?
1
Suppose 5*p = 3*w + 741, 5*p - 592 = p + 2*w. Suppose 0 = -0*h - 3*h + p. Calculate the remainder when h is divided by 26.
23
Let l = -22 - -54. Calculate the remainder when 126 is divided by l.
30
Suppose -o - 4*o - 5*n = -175, -41 = -o + 5*n. What is the remainder when o is divided by 13?
10
Let x = 331 - 110. What is the remainder when x is divided by 28?
25
Suppose 4*v - 48 = 3*v. Calculate the remainder when v is divided by 13.
9
Let o(h) = 3*h - 6. Calculate the remainder when 35 is divided by o(6).
11
Let o(g) = g**3 + 7*g**2 + g + 5. Let l be o(-6). Suppose l = -5*i + 130. Let y = i + -9. What is the remainder when 19 is divided by y?
9
Suppose 5*y = -3*k + 110, -3*y + 16 = y. Calculate the remainder when 59 is divided by k.
29
Let w be 3/(-9) - (-7)/3. Suppose 4*u + w = 5*u. Let x(a) = -2*a - 5. What is the remainder when x(-4) is divided by u?
1
Let t = 4 + 11. What is the remainder when t is divided by 6?
3
Suppose -p = -2*p. Suppose -r + 3*k - 2*k - 8 = p, -4*r + 3 = 3*k. Calculate the remainder when -3*((-4)/r + -2) is divided by 1.
0
Let c(j) = -3*j + 1. Calculate the remainder when 21 is divided by c(-1).
1
Suppose -16*v + 120 = -11*v. Calculate the remainder when 70 is divided by v.
22
Let y(c) = -c + 10. Calculate the remainder when 8 + 6 - 1*2 is divided by y(5).
2
Suppose -10*w + 60 = -7*w. What is the remainder when 77 is divided by w?
17
Let j(o) = -o + 22. Calculate the remainder when 20 is divided by j(10).
8
Suppose 6 = 4*t - 62. Calculate the remainder when t is divided by 6.
5
Calculate the remainder when (0 + 8/6)*(-294)/(-28) is divided by 5.
4
Suppose 0 = -c + 3. Let r be -4 + (c - (-1 + 2)). Calculate the remainder when r*42/(-4) + -1 is divided by 7.
6
Let o = 6 - 0. Suppose 0*a - 3*a - 4*h - 7 = 0, -2*a + 4*h + 22 = 0. Suppose 3*y + 5*z = y + 12, z - 31 = -a*y. What is the remainder when y is divided by o?
5
Suppose 0 = -3*f + 3 + 6. Calculate the remainder when 89 is divided by 27 - (2 - (1 - f)).
20
Suppose 2*k + 5*o = -0*o + 60, 0 = 3*k - 2*o - 52. What is the remainder when 35 is divided by k?
15
Let a be 104/32 + 2/(-8). Suppose a*w = -8 + 95. Calculate the remainder when w is divided by 11.
7
Suppose h + 7 = 46. What is the remainder when h is divided by 10?
9
Let l(j) = 6*j**2 + j + 2. Let v be 1*2/((-4)/2). Calculate the remainder when 33 is divided by l(v).
5
Suppose -4*g = -2*f + 3*f - 64, 3*g = -2*f + 43. Let t = g - 16. Calculate the remainder when t is divided by 1.
0
Suppose -4*g = 14 - 38. Let q(u) be the third derivative of u**4/6 + u**3/3 - 12*u**2. Calculate the remainder when q(g) is divided by 9.
8
Suppose 2*o - 236 = -2*r, -4*r - 122 = -2*o + 84. What is the remainder when o is divided by 23?
21
Suppose -8*r + 6 = -5*r. Calculate the remainder when 5 is divided by r.
1
Let f = 13 - -5. Calculate the remainder when 89 is divided by f.
17
Let l(c) = 17*c**2 - 12*c + 15. Suppose 5*v + 4*m - 87 = 0, 2*m = -3*m + 15. Calculate the remainder when l(2) is divided by v.
14
Suppose -33 - 18 = -4*n + 3*j, n - 9 = -3*j. Suppose -3*p = u - p - 42, u - 44 = -p. Calculate the remainder when u is divided by n.
10
Suppose -5*n + 15 = 0, 0 = -7*x + 3*x + n + 365. What is the remainder when x is divided by 48?
44
Suppose -2*o - 2*i = o - 37, 0 = -3*i + 15. Suppose f - 29 + o = 0. What is the remainder when f is divided by (3 + -2 - 0) + 10?
9
Let d = 72 - 41. What is the remainder when 153 is divided by d?
29
Suppose 0 = i - 2*i + 220. Suppose -h = 4*h + i. What is the remainder when h/6*(-3 + 0) is divided by 12?
10
Calculate the remainder when (-131)/(-1)*2/2 is divided by 33.
32
Let d = 440 + -397. Suppose -t - t + 4*g + 30 = 0, -5*t - g = -75. Calculate the remainder when d is divided by t.
13
Let f(c) = -5*c - 10. Let s be f(-8). Suppose 3*r = 5*y + s, -r = -y - 4*y - 20. Calculate the remainder when 18 is divided by r.
3
Suppose 0 = -5*v - 22 + 62. Suppose -2*o + 108 + v = 0. Calculate the remainder when o is divided by 20.
18
Let i(r) = 3*r**3 - 2*r**2 + 2*r + 2. Let t be i(2). What is the remainder when (-6)/33 + 70/t is divided by 3?
0
Let q(o) = o**3 + 9*o**2 - 4*o - 17. Let f(w) = w**3 + 7*w**2 - 5*w - 8. Calculate the remainder when q(-4) is divided by f(-7).
25
Let m = -5 + 8. Suppose 3*d = 4*y - 0 - 8, m*y - 31 = -4*d. What is the remainder when -4*((-11)/d - 0) is divided by 4?
3
Let b(z) = -7*z**3 + z - 1. Let l be b(1). Let o(c) = c**3 + 8*c**2 + 3*c + 7. What is the remainder when o(l) is divided by 12?
11
Let c(j) = -8*j - 62. Calculate the remainder when c(-15) is divided by 31.
27
Suppose 4*f - 2*p - 17 = 3*p, 3*p = -3. Let j = 5